{"id":353,"date":"2025-10-11T10:22:35","date_gmt":"2025-10-11T10:22:35","guid":{"rendered":"https:\/\/icovadigital.com\/newcomunica\/?page_id=353"},"modified":"2025-10-11T11:10:29","modified_gmt":"2025-10-11T11:10:29","slug":"editorial","status":"publish","type":"page","link":"https:\/\/icovadigital.com\/newcomunica\/editorial\/","title":{"rendered":"Editorial"},"content":{"rendered":"\t\t<div data-elementor-type=\"wp-page\" data-elementor-id=\"353\" class=\"elementor elementor-353\" data-elementor-post-type=\"page\">\n\t\t\t\t<div class=\"elementor-element elementor-element-1e41b7af e-flex e-con-boxed e-con e-parent\" data-id=\"1e41b7af\" data-element_type=\"container\" data-settings=\"{&quot;background_background&quot;:&quot;classic&quot;}\">\n\t\t\t\t\t<div class=\"e-con-inner\">\n\t\t\t\t\t<\/div>\n\t\t\t\t<\/div>\n\t\t<div class=\"elementor-element elementor-element-46110fcc e-flex e-con-boxed e-con e-parent\" data-id=\"46110fcc\" data-element_type=\"container\" data-settings=\"{&quot;background_background&quot;:&quot;classic&quot;}\">\n\t\t\t\t\t<div class=\"e-con-inner\">\n\t\t<div class=\"elementor-element elementor-element-3ccc4f83 e-con-full e-flex e-con e-child\" data-id=\"3ccc4f83\" data-element_type=\"container\">\n\t\t\t\t<div class=\"elementor-element elementor-element-47f302f7 elementor-widget elementor-widget-image\" data-id=\"47f302f7\" data-element_type=\"widget\" data-widget_type=\"image.default\">\n\t\t\t\t\t\t\t\t\t\t\t\t\t\t\t<img decoding=\"async\" width=\"293\" height=\"64\" src=\"https:\/\/icovadigital.com\/newcomunica\/wp-content\/uploads\/2025\/10\/C3EDITORIAL.png\" class=\"attachment-large size-large wp-image-358\" alt=\"\" \/>\t\t\t\t\t\t\t\t\t\t\t\t\t\t\t<\/div>\n\t\t\t\t<div class=\"elementor-element elementor-element-4a72d0f9 elementor-widget elementor-widget-spacer\" data-id=\"4a72d0f9\" data-element_type=\"widget\" data-widget_type=\"spacer.default\">\n\t\t\t\t\t\t\t<div class=\"elementor-spacer\">\n\t\t\t<div class=\"elementor-spacer-inner\"><\/div>\n\t\t<\/div>\n\t\t\t\t\t\t<\/div>\n\t\t\t\t<div class=\"elementor-element elementor-element-f4f61b3 elementor-widget elementor-widget-heading\" data-id=\"f4f61b3\" data-element_type=\"widget\" data-widget_type=\"heading.default\">\n\t\t\t\t\t<h2 class=\"elementor-heading-title elementor-size-default\"><strong data-stylerecorder=\"true\" style=\"text-align: left;line-height: 25px;letter-spacing: 0px;font-weight: 600\">BALANCE PERFECTO<\/strong><br>\nentre contenido, dise\u00f1o e impresi\u00f3n. <\/h2>\t\t\t\t<\/div>\n\t\t\t\t<div class=\"elementor-element elementor-element-5acd869f elementor-widget elementor-widget-spacer\" data-id=\"5acd869f\" data-element_type=\"widget\" data-widget_type=\"spacer.default\">\n\t\t\t\t\t\t\t<div class=\"elementor-spacer\">\n\t\t\t<div class=\"elementor-spacer-inner\"><\/div>\n\t\t<\/div>\n\t\t\t\t\t\t<\/div>\n\t\t\t\t<div class=\"elementor-element elementor-element-4110a763 elementor-widget elementor-widget-heading\" data-id=\"4110a763\" data-element_type=\"widget\" data-widget_type=\"heading.default\">\n\t\t\t\t\t<h2 class=\"elementor-heading-title elementor-size-default\">En la divisi\u00f3n <strong data-stylerecorder=\"true\" style=\"text-align: left;line-height: 25px;letter-spacing: 0px;font-weight: 600\"><span style=\"color: red;text-align: left;line-height: 25px;letter-spacing: 0px;font-weight: 600\" data-stylerecorder=\"true\">C2EDITORIAL<\/span><\/strong> entendemos<br>\nperfectamente que la forma de llevar a cabo la<br>\nproducci\u00f3n de un proyecto editorial es igual de<br>\nimportante que su contenido. <\/h2>\t\t\t\t<\/div>\n\t\t\t\t<\/div>\n\t\t<div class=\"elementor-element elementor-element-33902d2a e-con-full e-flex e-con e-child\" data-id=\"33902d2a\" data-element_type=\"container\">\n\t\t\t\t<\/div>\n\t\t\t\t\t<\/div>\n\t\t\t\t<\/div>\n\t\t<div class=\"elementor-element elementor-element-4c2079eb e-flex e-con-boxed e-con e-parent\" data-id=\"4c2079eb\" data-element_type=\"container\" data-settings=\"{&quot;background_background&quot;:&quot;classic&quot;}\">\n\t\t\t\t\t<div class=\"e-con-inner\">\n\t\t\t\t<div class=\"elementor-element elementor-element-47195fee elementor-widget elementor-widget-heading\" data-id=\"47195fee\" data-element_type=\"widget\" data-widget_type=\"heading.default\">\n\t\t\t\t\t<h2 class=\"elementor-heading-title elementor-size-default\">PROYECTOS EDITORIALES QUE<br>\nCREAN EXPERIENCIAS TANGIBLES<\/h2>\t\t\t\t<\/div>\n\t\t\t\t<div class=\"elementor-element elementor-element-7bd15a5d elementor-widget elementor-widget-spacer\" data-id=\"7bd15a5d\" data-element_type=\"widget\" data-widget_type=\"spacer.default\">\n\t\t\t\t\t\t\t<div class=\"elementor-spacer\">\n\t\t\t<div class=\"elementor-spacer-inner\"><\/div>\n\t\t<\/div>\n\t\t\t\t\t\t<\/div>\n\t\t\t\t<div class=\"elementor-element elementor-element-493c849e elementor-widget__width-initial elementor-widget-mobile__width-inherit elementor-widget elementor-widget-heading\" data-id=\"493c849e\" data-element_type=\"widget\" data-widget_type=\"heading.default\">\n\t\t\t\t\t<h2 class=\"elementor-heading-title elementor-size-default\">La producci\u00f3n de un libro, cat\u00e1logo o revista es extremadamente compleja. En nuestra l\u00ednea <span style=\"color:#FF0000\">C2EDITORIAL<\/span>  estamos atentos a cada detalle; calidad fotogr\u00e1fica, revisi\u00f3n de textos, diagramaci\u00f3n, acabados y materiales id\u00f3neos que aporten valor al contenido.<\/h2>\t\t\t\t<\/div>\n\t\t\t\t<div class=\"elementor-element elementor-element-58d4a60 elementor-widget elementor-widget-spacer\" data-id=\"58d4a60\" data-element_type=\"widget\" data-widget_type=\"spacer.default\">\n\t\t\t\t\t\t\t<div class=\"elementor-spacer\">\n\t\t\t<div class=\"elementor-spacer-inner\"><\/div>\n\t\t<\/div>\n\t\t\t\t\t\t<\/div>\n\t\t\t\t<div class=\"elementor-element elementor-element-2a4d0da elementor-widget elementor-widget-image\" data-id=\"2a4d0da\" data-element_type=\"widget\" data-widget_type=\"image.default\">\n\t\t\t\t\t\t\t\t\t\t\t\t\t\t\t<img decoding=\"async\" width=\"390\" height=\"80\" src=\"https:\/\/icovadigital.com\/newcomunica\/wp-content\/uploads\/2025\/10\/sds.png\" class=\"attachment-large size-large wp-image-364\" alt=\"\" srcset=\"https:\/\/icovadigital.com\/newcomunica\/wp-content\/uploads\/2025\/10\/sds.png 390w, https:\/\/icovadigital.com\/newcomunica\/wp-content\/uploads\/2025\/10\/sds-300x62.png 300w\" sizes=\"(max-width: 390px) 100vw, 390px\" \/>\t\t\t\t\t\t\t\t\t\t\t\t\t\t\t<\/div>\n\t\t\t\t<div class=\"elementor-element elementor-element-5582fb22 elementor-widget elementor-widget-spacer\" data-id=\"5582fb22\" data-element_type=\"widget\" data-widget_type=\"spacer.default\">\n\t\t\t\t\t\t\t<div class=\"elementor-spacer\">\n\t\t\t<div class=\"elementor-spacer-inner\"><\/div>\n\t\t<\/div>\n\t\t\t\t\t\t<\/div>\n\t\t\t\t<div class=\"elementor-element elementor-element-6a980e38 elementor-widget elementor-widget-spacer\" data-id=\"6a980e38\" data-element_type=\"widget\" data-widget_type=\"spacer.default\">\n\t\t\t\t\t\t\t<div class=\"elementor-spacer\">\n\t\t\t<div class=\"elementor-spacer-inner\"><\/div>\n\t\t<\/div>\n\t\t\t\t\t\t<\/div>\n\t\t\t\t<div class=\"elementor-element elementor-element-1adeee1a gallery-spacing-custom elementor-widget__width-initial elementor-widget elementor-widget-image-gallery\" data-id=\"1adeee1a\" data-element_type=\"widget\" data-widget_type=\"image-gallery.default\">\n\t\t\t\t\t\t\t<div class=\"elementor-image-gallery\">\n\t\t\t<div id='gallery-1' class='gallery galleryid-353 gallery-columns-4 gallery-size-large'><figure class='gallery-item'>\n\t\t\t<div class='gallery-icon landscape'>\n\t\t\t\t<a data-elementor-open-lightbox=\"yes\" data-elementor-lightbox-slideshow=\"1adeee1a\" data-elementor-lightbox-title=\"5a-300x300\" data-e-action-hash=\"#elementor-action%3Aaction%3Dlightbox%26settings%3DeyJpZCI6MzgwLCJ1cmwiOiJodHRwczpcL1wvaWNvdmFkaWdpdGFsLmNvbVwvbmV3Y29tdW5pY2FcL3dwLWNvbnRlbnRcL3VwbG9hZHNcLzIwMjVcLzEwXC81YS0zMDB4MzAwLTMuanBnIiwic2xpZGVzaG93IjoiMWFkZWVlMWEifQ%3D%3D\" href='https:\/\/icovadigital.com\/newcomunica\/wp-content\/uploads\/2025\/10\/5a-300x300-3.jpg'><img fetchpriority=\"high\" decoding=\"async\" width=\"300\" height=\"300\" src=\"https:\/\/icovadigital.com\/newcomunica\/wp-content\/uploads\/2025\/10\/5a-300x300-3.jpg\" class=\"attachment-large size-large\" alt=\"\" srcset=\"https:\/\/icovadigital.com\/newcomunica\/wp-content\/uploads\/2025\/10\/5a-300x300-3.jpg 300w, https:\/\/icovadigital.com\/newcomunica\/wp-content\/uploads\/2025\/10\/5a-300x300-3-150x150.jpg 150w\" sizes=\"(max-width: 300px) 100vw, 300px\" \/><\/a>\n\t\t\t<\/div><\/figure><figure class='gallery-item'>\n\t\t\t<div class='gallery-icon landscape'>\n\t\t\t\t<a data-elementor-open-lightbox=\"yes\" data-elementor-lightbox-slideshow=\"1adeee1a\" data-elementor-lightbox-title=\"6a-300x300\" data-e-action-hash=\"#elementor-action%3Aaction%3Dlightbox%26settings%3DeyJpZCI6MzgxLCJ1cmwiOiJodHRwczpcL1wvaWNvdmFkaWdpdGFsLmNvbVwvbmV3Y29tdW5pY2FcL3dwLWNvbnRlbnRcL3VwbG9hZHNcLzIwMjVcLzEwXC82YS0zMDB4MzAwLTMuanBnIiwic2xpZGVzaG93IjoiMWFkZWVlMWEifQ%3D%3D\" href='https:\/\/icovadigital.com\/newcomunica\/wp-content\/uploads\/2025\/10\/6a-300x300-3.jpg'><img loading=\"lazy\" decoding=\"async\" width=\"300\" height=\"300\" src=\"https:\/\/icovadigital.com\/newcomunica\/wp-content\/uploads\/2025\/10\/6a-300x300-3.jpg\" class=\"attachment-large size-large\" alt=\"\" srcset=\"https:\/\/icovadigital.com\/newcomunica\/wp-content\/uploads\/2025\/10\/6a-300x300-3.jpg 300w, https:\/\/icovadigital.com\/newcomunica\/wp-content\/uploads\/2025\/10\/6a-300x300-3-150x150.jpg 150w\" sizes=\"(max-width: 300px) 100vw, 300px\" \/><\/a>\n\t\t\t<\/div><\/figure><figure class='gallery-item'>\n\t\t\t<div class='gallery-icon landscape'>\n\t\t\t\t<a data-elementor-open-lightbox=\"yes\" data-elementor-lightbox-slideshow=\"1adeee1a\" data-elementor-lightbox-title=\"7a-300x300\" data-e-action-hash=\"#elementor-action%3Aaction%3Dlightbox%26settings%3DeyJpZCI6MzgyLCJ1cmwiOiJodHRwczpcL1wvaWNvdmFkaWdpdGFsLmNvbVwvbmV3Y29tdW5pY2FcL3dwLWNvbnRlbnRcL3VwbG9hZHNcLzIwMjVcLzEwXC83YS0zMDB4MzAwLTMuanBnIiwic2xpZGVzaG93IjoiMWFkZWVlMWEifQ%3D%3D\" href='https:\/\/icovadigital.com\/newcomunica\/wp-content\/uploads\/2025\/10\/7a-300x300-3.jpg'><img loading=\"lazy\" decoding=\"async\" width=\"300\" height=\"300\" src=\"https:\/\/icovadigital.com\/newcomunica\/wp-content\/uploads\/2025\/10\/7a-300x300-3.jpg\" class=\"attachment-large size-large\" alt=\"\" srcset=\"https:\/\/icovadigital.com\/newcomunica\/wp-content\/uploads\/2025\/10\/7a-300x300-3.jpg 300w, https:\/\/icovadigital.com\/newcomunica\/wp-content\/uploads\/2025\/10\/7a-300x300-3-150x150.jpg 150w\" sizes=\"(max-width: 300px) 100vw, 300px\" \/><\/a>\n\t\t\t<\/div><\/figure><figure class='gallery-item'>\n\t\t\t<div class='gallery-icon landscape'>\n\t\t\t\t<a data-elementor-open-lightbox=\"yes\" data-elementor-lightbox-slideshow=\"1adeee1a\" data-elementor-lightbox-title=\"LIBRO-BLA-BLA-300x300\" data-e-action-hash=\"#elementor-action%3Aaction%3Dlightbox%26settings%3DeyJpZCI6MzgzLCJ1cmwiOiJodHRwczpcL1wvaWNvdmFkaWdpdGFsLmNvbVwvbmV3Y29tdW5pY2FcL3dwLWNvbnRlbnRcL3VwbG9hZHNcLzIwMjVcLzEwXC9MSUJSTy1CTEEtQkxBLTMwMHgzMDAtMy5wbmciLCJzbGlkZXNob3ciOiIxYWRlZWUxYSJ9\" href='https:\/\/icovadigital.com\/newcomunica\/wp-content\/uploads\/2025\/10\/LIBRO-BLA-BLA-300x300-3.png'><img loading=\"lazy\" decoding=\"async\" width=\"300\" height=\"300\" src=\"https:\/\/icovadigital.com\/newcomunica\/wp-content\/uploads\/2025\/10\/LIBRO-BLA-BLA-300x300-3.png\" class=\"attachment-large size-large\" alt=\"\" srcset=\"https:\/\/icovadigital.com\/newcomunica\/wp-content\/uploads\/2025\/10\/LIBRO-BLA-BLA-300x300-3.png 300w, https:\/\/icovadigital.com\/newcomunica\/wp-content\/uploads\/2025\/10\/LIBRO-BLA-BLA-300x300-3-150x150.png 150w\" sizes=\"(max-width: 300px) 100vw, 300px\" \/><\/a>\n\t\t\t<\/div><\/figure><figure class='gallery-item'>\n\t\t\t<div class='gallery-icon landscape'>\n\t\t\t\t<a data-elementor-open-lightbox=\"yes\" data-elementor-lightbox-slideshow=\"1adeee1a\" data-elementor-lightbox-title=\"GUISE-300x300\" data-e-action-hash=\"#elementor-action%3Aaction%3Dlightbox%26settings%3DeyJpZCI6Mzg0LCJ1cmwiOiJodHRwczpcL1wvaWNvdmFkaWdpdGFsLmNvbVwvbmV3Y29tdW5pY2FcL3dwLWNvbnRlbnRcL3VwbG9hZHNcLzIwMjVcLzEwXC9HVUlTRS0zMDB4MzAwLTMuanBnIiwic2xpZGVzaG93IjoiMWFkZWVlMWEifQ%3D%3D\" href='https:\/\/icovadigital.com\/newcomunica\/wp-content\/uploads\/2025\/10\/GUISE-300x300-3.jpg'><img loading=\"lazy\" decoding=\"async\" width=\"300\" height=\"300\" src=\"https:\/\/icovadigital.com\/newcomunica\/wp-content\/uploads\/2025\/10\/GUISE-300x300-3.jpg\" class=\"attachment-large size-large\" alt=\"\" srcset=\"https:\/\/icovadigital.com\/newcomunica\/wp-content\/uploads\/2025\/10\/GUISE-300x300-3.jpg 300w, https:\/\/icovadigital.com\/newcomunica\/wp-content\/uploads\/2025\/10\/GUISE-300x300-3-150x150.jpg 150w\" sizes=\"(max-width: 300px) 100vw, 300px\" \/><\/a>\n\t\t\t<\/div><\/figure><figure class='gallery-item'>\n\t\t\t<div class='gallery-icon landscape'>\n\t\t\t\t<a data-elementor-open-lightbox=\"yes\" data-elementor-lightbox-slideshow=\"1adeee1a\" data-elementor-lightbox-title=\"3a-300x300\" data-e-action-hash=\"#elementor-action%3Aaction%3Dlightbox%26settings%3DeyJpZCI6Mzg1LCJ1cmwiOiJodHRwczpcL1wvaWNvdmFkaWdpdGFsLmNvbVwvbmV3Y29tdW5pY2FcL3dwLWNvbnRlbnRcL3VwbG9hZHNcLzIwMjVcLzEwXC8zYS0zMDB4MzAwLTMuanBnIiwic2xpZGVzaG93IjoiMWFkZWVlMWEifQ%3D%3D\" href='https:\/\/icovadigital.com\/newcomunica\/wp-content\/uploads\/2025\/10\/3a-300x300-3.jpg'><img loading=\"lazy\" decoding=\"async\" width=\"300\" height=\"300\" src=\"https:\/\/icovadigital.com\/newcomunica\/wp-content\/uploads\/2025\/10\/3a-300x300-3.jpg\" class=\"attachment-large size-large\" alt=\"\" srcset=\"https:\/\/icovadigital.com\/newcomunica\/wp-content\/uploads\/2025\/10\/3a-300x300-3.jpg 300w, https:\/\/icovadigital.com\/newcomunica\/wp-content\/uploads\/2025\/10\/3a-300x300-3-150x150.jpg 150w\" sizes=\"(max-width: 300px) 100vw, 300px\" \/><\/a>\n\t\t\t<\/div><\/figure><figure class='gallery-item'>\n\t\t\t<div class='gallery-icon landscape'>\n\t\t\t\t<a data-elementor-open-lightbox=\"yes\" data-elementor-lightbox-slideshow=\"1adeee1a\" data-elementor-lightbox-title=\"4a-300x300\" data-e-action-hash=\"#elementor-action%3Aaction%3Dlightbox%26settings%3DeyJpZCI6Mzg2LCJ1cmwiOiJodHRwczpcL1wvaWNvdmFkaWdpdGFsLmNvbVwvbmV3Y29tdW5pY2FcL3dwLWNvbnRlbnRcL3VwbG9hZHNcLzIwMjVcLzEwXC80YS0zMDB4MzAwLTMuanBnIiwic2xpZGVzaG93IjoiMWFkZWVlMWEifQ%3D%3D\" href='https:\/\/icovadigital.com\/newcomunica\/wp-content\/uploads\/2025\/10\/4a-300x300-3.jpg'><img loading=\"lazy\" decoding=\"async\" width=\"300\" height=\"300\" src=\"https:\/\/icovadigital.com\/newcomunica\/wp-content\/uploads\/2025\/10\/4a-300x300-3.jpg\" class=\"attachment-large size-large\" alt=\"\" srcset=\"https:\/\/icovadigital.com\/newcomunica\/wp-content\/uploads\/2025\/10\/4a-300x300-3.jpg 300w, https:\/\/icovadigital.com\/newcomunica\/wp-content\/uploads\/2025\/10\/4a-300x300-3-150x150.jpg 150w\" sizes=\"(max-width: 300px) 100vw, 300px\" \/><\/a>\n\t\t\t<\/div><\/figure><figure class='gallery-item'>\n\t\t\t<div class='gallery-icon landscape'>\n\t\t\t\t<a data-elementor-open-lightbox=\"yes\" data-elementor-lightbox-slideshow=\"1adeee1a\" data-elementor-lightbox-title=\"8a-300x300\" data-e-action-hash=\"#elementor-action%3Aaction%3Dlightbox%26settings%3DeyJpZCI6Mzg3LCJ1cmwiOiJodHRwczpcL1wvaWNvdmFkaWdpdGFsLmNvbVwvbmV3Y29tdW5pY2FcL3dwLWNvbnRlbnRcL3VwbG9hZHNcLzIwMjVcLzEwXC84YS0zMDB4MzAwLTMuanBnIiwic2xpZGVzaG93IjoiMWFkZWVlMWEifQ%3D%3D\" href='https:\/\/icovadigital.com\/newcomunica\/wp-content\/uploads\/2025\/10\/8a-300x300-3.jpg'><img loading=\"lazy\" decoding=\"async\" width=\"300\" height=\"300\" src=\"https:\/\/icovadigital.com\/newcomunica\/wp-content\/uploads\/2025\/10\/8a-300x300-3.jpg\" class=\"attachment-large size-large\" alt=\"\" srcset=\"https:\/\/icovadigital.com\/newcomunica\/wp-content\/uploads\/2025\/10\/8a-300x300-3.jpg 300w, https:\/\/icovadigital.com\/newcomunica\/wp-content\/uploads\/2025\/10\/8a-300x300-3-150x150.jpg 150w\" sizes=\"(max-width: 300px) 100vw, 300px\" \/><\/a>\n\t\t\t<\/div><\/figure>\n\t\t<\/div>\n\t\t<\/div>\n\t\t\t\t\t\t<\/div>\n\t\t\t\t<div class=\"elementor-element elementor-element-7c0a9bfa elementor-widget elementor-widget-spacer\" data-id=\"7c0a9bfa\" data-element_type=\"widget\" data-widget_type=\"spacer.default\">\n\t\t\t\t\t\t\t<div class=\"elementor-spacer\">\n\t\t\t<div class=\"elementor-spacer-inner\"><\/div>\n\t\t<\/div>\n\t\t\t\t\t\t<\/div>\n\t\t\t\t<div class=\"elementor-element elementor-element-61d7d159 elementor-widget elementor-widget-spacer\" data-id=\"61d7d159\" data-element_type=\"widget\" data-widget_type=\"spacer.default\">\n\t\t\t\t\t\t\t<div class=\"elementor-spacer\">\n\t\t\t<div class=\"elementor-spacer-inner\"><\/div>\n\t\t<\/div>\n\t\t\t\t\t\t<\/div>\n\t\t<div class=\"elementor-element elementor-element-5d3968ea e-con-full e-flex e-con e-child\" data-id=\"5d3968ea\" data-element_type=\"container\">\n\t\t<div class=\"elementor-element elementor-element-6e9c0040 e-con-full e-flex e-con e-child\" data-id=\"6e9c0040\" data-element_type=\"container\">\n\t\t\t\t<\/div>\n\t\t<div class=\"elementor-element elementor-element-30eae3b0 e-con-full e-flex e-con e-child\" data-id=\"30eae3b0\" data-element_type=\"container\">\n\t\t\t\t<div class=\"elementor-element elementor-element-71fb0db9 elementor-widget elementor-widget-image\" data-id=\"71fb0db9\" data-element_type=\"widget\" data-widget_type=\"image.default\">\n\t\t\t\t\t\t\t\t\t\t\t\t\t\t\t\t<a href=\"https:\/\/icovadigital.com\/newcomunica\/marketing\/\">\n\t\t\t\t\t\t\t<img loading=\"lazy\" decoding=\"async\" width=\"270\" height=\"52\" src=\"https:\/\/icovadigital.com\/newcomunica\/wp-content\/uploads\/2025\/10\/MARKET.webp\" class=\"attachment-large size-large wp-image-252\" alt=\"\" \/>\t\t\t\t\t\t\t\t<\/a>\n\t\t\t\t\t\t\t\t\t\t\t\t\t\t\t<\/div>\n\t\t\t\t<\/div>\n\t\t<div class=\"elementor-element elementor-element-a648569 e-con-full e-flex e-con e-child\" data-id=\"a648569\" data-element_type=\"container\">\n\t\t\t\t<div class=\"elementor-element elementor-element-231c81de elementor-widget elementor-widget-image\" data-id=\"231c81de\" data-element_type=\"widget\" data-widget_type=\"image.default\">\n\t\t\t\t\t\t\t\t\t\t\t\t\t\t\t\t<a href=\"https:\/\/icovadigital.com\/newcomunica\/packing\/\">\n\t\t\t\t\t\t\t<img loading=\"lazy\" decoding=\"async\" width=\"270\" height=\"53\" src=\"https:\/\/icovadigital.com\/newcomunica\/wp-content\/uploads\/2025\/10\/PACK.webp\" class=\"attachment-large size-large wp-image-253\" alt=\"\" \/>\t\t\t\t\t\t\t\t<\/a>\n\t\t\t\t\t\t\t\t\t\t\t\t\t\t\t<\/div>\n\t\t\t\t<\/div>\n\t\t<div class=\"elementor-element elementor-element-9d5d4bf e-con-full e-flex e-con e-child\" data-id=\"9d5d4bf\" data-element_type=\"container\">\n\t\t\t\t<\/div>\n\t\t\t\t<\/div>\n\t\t\t\t\t<\/div>\n\t\t\t\t<\/div>\n\t\t<div class=\"elementor-element elementor-element-a18c3fa e-flex e-con-boxed e-con e-parent\" data-id=\"a18c3fa\" data-element_type=\"container\" data-settings=\"{&quot;background_background&quot;:&quot;classic&quot;}\">\n\t\t\t\t\t<div class=\"e-con-inner\">\n\t\t<div class=\"elementor-element elementor-element-4b4bf1f3 e-con-full e-flex e-con e-child\" data-id=\"4b4bf1f3\" data-element_type=\"container\">\n\t\t\t\t<div class=\"elementor-element elementor-element-fbca589 elementor-widget elementor-widget-heading\" data-id=\"fbca589\" data-element_type=\"widget\" data-widget_type=\"heading.default\">\n\t\t\t\t\t<h2 class=\"elementor-heading-title elementor-size-default\">\u00bfTienes en mente<br>\nun proyecto editorial? <\/h2>\t\t\t\t<\/div>\n\t\t\t\t<div class=\"elementor-element elementor-element-31afa05 elementor-widget-divider--view-line elementor-widget elementor-widget-divider\" data-id=\"31afa05\" data-element_type=\"widget\" data-widget_type=\"divider.default\">\n\t\t\t\t\t\t\t<div class=\"elementor-divider\">\n\t\t\t<span class=\"elementor-divider-separator\">\n\t\t\t\t\t\t<\/span>\n\t\t<\/div>\n\t\t\t\t\t\t<\/div>\n\t\t\t\t<div class=\"elementor-element elementor-element-4a9e6e elementor-widget__width-initial elementor-widget-mobile__width-inherit elementor-widget elementor-widget-heading\" data-id=\"4a9e6e\" data-element_type=\"widget\" data-widget_type=\"heading.default\">\n\t\t\t\t\t<h2 class=\"elementor-heading-title elementor-size-default\">Solicita una propuesta en cualquiera\nde nuestros canales de atenci\u00f3n. \n\t\t\t\t\t\t\t<\/h2>\t\t\t\t<\/div>\n\t\t\t\t<div class=\"elementor-element elementor-element-584bd657 elementor-widget elementor-widget-spacer\" data-id=\"584bd657\" data-element_type=\"widget\" data-widget_type=\"spacer.default\">\n\t\t\t\t\t\t\t<div class=\"elementor-spacer\">\n\t\t\t<div class=\"elementor-spacer-inner\"><\/div>\n\t\t<\/div>\n\t\t\t\t\t\t<\/div>\n\t\t\t\t<div class=\"elementor-element elementor-element-7ce5dc5f elementor-widget elementor-widget-image\" data-id=\"7ce5dc5f\" data-element_type=\"widget\" data-widget_type=\"image.default\">\n\t\t\t\t\t\t\t\t\t\t\t\t\t\t\t\t<a href=\"https:\/\/wa.me\/51989502186\">\n\t\t\t\t\t\t\t<img loading=\"lazy\" decoding=\"async\" width=\"293\" height=\"64\" src=\"https:\/\/icovadigital.com\/newcomunica\/wp-content\/uploads\/2025\/10\/boton1.png\" class=\"attachment-large size-large wp-image-293\" alt=\"\" \/>\t\t\t\t\t\t\t\t<\/a>\n\t\t\t\t\t\t\t\t\t\t\t\t\t\t\t<\/div>\n\t\t\t\t<div class=\"elementor-element elementor-element-3449d65 elementor-widget elementor-widget-spacer\" data-id=\"3449d65\" data-element_type=\"widget\" data-widget_type=\"spacer.default\">\n\t\t\t\t\t\t\t<div class=\"elementor-spacer\">\n\t\t\t<div class=\"elementor-spacer-inner\"><\/div>\n\t\t<\/div>\n\t\t\t\t\t\t<\/div>\n\t\t\t\t<div class=\"elementor-element elementor-element-7148ec89 elementor-widget elementor-widget-spacer\" data-id=\"7148ec89\" data-element_type=\"widget\" data-widget_type=\"spacer.default\">\n\t\t\t\t\t\t\t<div class=\"elementor-spacer\">\n\t\t\t<div class=\"elementor-spacer-inner\"><\/div>\n\t\t<\/div>\n\t\t\t\t\t\t<\/div>\n\t\t\t\t<\/div>\n\t\t<div class=\"elementor-element elementor-element-313cf0c6 e-con-full e-flex e-con e-child\" data-id=\"313cf0c6\" data-element_type=\"container\">\n\t\t\t\t<div class=\"elementor-element elementor-element-71667fdc elementor-widget elementor-widget-image\" data-id=\"71667fdc\" data-element_type=\"widget\" data-widget_type=\"image.default\">\n\t\t\t\t\t\t\t\t\t\t\t\t\t\t\t<img loading=\"lazy\" decoding=\"async\" width=\"496\" height=\"555\" src=\"https:\/\/icovadigital.com\/newcomunica\/wp-content\/uploads\/2025\/10\/chica-1.png\" class=\"attachment-large size-large wp-image-369\" alt=\"\" srcset=\"https:\/\/icovadigital.com\/newcomunica\/wp-content\/uploads\/2025\/10\/chica-1.png 496w, https:\/\/icovadigital.com\/newcomunica\/wp-content\/uploads\/2025\/10\/chica-1-268x300.png 268w\" sizes=\"(max-width: 496px) 100vw, 496px\" \/>\t\t\t\t\t\t\t\t\t\t\t\t\t\t\t<\/div>\n\t\t\t\t<\/div>\n\t\t\t\t\t<\/div>\n\t\t\t\t<\/div>\n\t\t\t\t<\/div>\n\t\t","protected":false},"excerpt":{"rendered":"<p>BALANCE PERFECTO entre contenido, dise\u00f1o e impresi\u00f3n. En la divisi\u00f3n C2EDITORIAL entendemos perfectamente que la forma de llevar a cabo la producci\u00f3n de un proyecto editorial es igual de importante que su contenido. PROYECTOS EDITORIALES QUE CREAN EXPERIENCIAS TANGIBLES La producci\u00f3n de un libro, cat\u00e1logo o revista es extremadamente compleja. En nuestra l\u00ednea C2EDITORIAL estamos [&hellip;]<\/p>\n","protected":false},"author":1,"featured_media":0,"parent":0,"menu_order":0,"comment_status":"closed","ping_status":"closed","template":"elementor_header_footer","meta":{"footnotes":""},"class_list":["post-353","page","type-page","status-publish","hentry"],"_links":{"self":[{"href":"https:\/\/icovadigital.com\/newcomunica\/wp-json\/wp\/v2\/pages\/353","targetHints":{"allow":["GET"]}}],"collection":[{"href":"https:\/\/icovadigital.com\/newcomunica\/wp-json\/wp\/v2\/pages"}],"about":[{"href":"https:\/\/icovadigital.com\/newcomunica\/wp-json\/wp\/v2\/types\/page"}],"author":[{"embeddable":true,"href":"https:\/\/icovadigital.com\/newcomunica\/wp-json\/wp\/v2\/users\/1"}],"replies":[{"embeddable":true,"href":"https:\/\/icovadigital.com\/newcomunica\/wp-json\/wp\/v2\/comments?post=353"}],"version-history":[{"count":18,"href":"https:\/\/icovadigital.com\/newcomunica\/wp-json\/wp\/v2\/pages\/353\/revisions"}],"predecessor-version":[{"id":486,"href":"https:\/\/icovadigital.com\/newcomunica\/wp-json\/wp\/v2\/pages\/353\/revisions\/486"}],"wp:attachment":[{"href":"https:\/\/icovadigital.com\/newcomunica\/wp-json\/wp\/v2\/media?parent=353"}],"curies":[{"name":"wp","href":"https:\/\/api.w.org\/{rel}","templated":true}]}}