{"id":1347,"date":"2025-02-13T20:00:15","date_gmt":"2025-02-13T20:00:15","guid":{"rendered":"https:\/\/icovadigital.com\/nyg\/request-quote\/"},"modified":"2025-02-13T20:19:02","modified_gmt":"2025-02-13T20:19:02","slug":"request-quote","status":"publish","type":"page","link":"https:\/\/icovadigital.com\/nyg\/request-quote\/","title":{"rendered":"Solicita un presupuesto"},"content":{"rendered":"\n<div class=\"woocommerce ywraq-wrapper ywraq-empty\">\n\t\t\t<div id=\"yith-ywraq-message\"><div class=\"ywraq-question-message\">\n\t<\/div>\n<\/div>\n\t\t\n\t\t\t\t<div class=\"ywraq-form-table-wrapper wide\">\n\t\t\t<div class=\"ywraq-before-form\">\n\t<p class=\"ywraq_list_empty_message\">Tu lista est\u00e1 vac\u00eda, a\u00f1ade productos a la lista para enviar una solicitud<p><p class=\"return-to-shop\"><a class=\"button wc-backward\" href=\"https:\/\/icovadigital.com\/nyg\/shop\/\">Volver a la tienda<\/a><\/p><\/div>\n\t\t\t\t\t<\/div>\n\t<\/div>\n","protected":false},"excerpt":{"rendered":"","protected":false},"author":1,"featured_media":0,"parent":0,"menu_order":0,"comment_status":"closed","ping_status":"closed","template":"","meta":{"footnotes":""},"class_list":["post-1347","page","type-page","status-publish","hentry"],"_links":{"self":[{"href":"https:\/\/icovadigital.com\/nyg\/wp-json\/wp\/v2\/pages\/1347","targetHints":{"allow":["GET"]}}],"collection":[{"href":"https:\/\/icovadigital.com\/nyg\/wp-json\/wp\/v2\/pages"}],"about":[{"href":"https:\/\/icovadigital.com\/nyg\/wp-json\/wp\/v2\/types\/page"}],"author":[{"embeddable":true,"href":"https:\/\/icovadigital.com\/nyg\/wp-json\/wp\/v2\/users\/1"}],"replies":[{"embeddable":true,"href":"https:\/\/icovadigital.com\/nyg\/wp-json\/wp\/v2\/comments?post=1347"}],"version-history":[{"count":1,"href":"https:\/\/icovadigital.com\/nyg\/wp-json\/wp\/v2\/pages\/1347\/revisions"}],"predecessor-version":[{"id":1373,"href":"https:\/\/icovadigital.com\/nyg\/wp-json\/wp\/v2\/pages\/1347\/revisions\/1373"}],"wp:attachment":[{"href":"https:\/\/icovadigital.com\/nyg\/wp-json\/wp\/v2\/media?parent=1347"}],"curies":[{"name":"wp","href":"https:\/\/api.w.org\/{rel}","templated":true}]}}